 the prime factors of 12167.
23
List the prime factors of 3823.
3823
List the prime factors of 11619.
3, 1291
List the prime factors of 75960.
2, 3, 5, 211
List the prime factors of 36241.
36241
What are the prime factors of 83789?
23, 3643
List the prime factors of 2508.
2, 3, 11, 19
List the prime factors of 1029.
3, 7
List the prime factors of 86113.
86113
List the prime factors of 1778.
2, 7, 127
What are the prime factors of 148685?
5, 131, 227
List the prime factors of 2461.
23, 107
List the prime factors of 732.
2, 3, 61
What are the prime factors of 8070?
2, 3, 5, 269
What are the prime factors of 149065?
5, 7, 4259
What are the prime factors of 647?
647
What are the prime factors of 22588?
2, 5647
What are the prime factors of 547?
547
List the prime factors of 4427.
19, 233
List the prime factors of 849.
3, 283
List the prime factors of 440.
2, 5, 11
List the prime factors of 788.
2, 197
List the prime factors of 6497.
73, 89
What are the prime factors of 18503?
18503
What are the prime factors of 72540?
2, 3, 5, 13, 31
What are the prime factors of 127759?
251, 509
List the prime factors of 4070.
2, 5, 11, 37
What are the prime factors of 11734?
2, 5867
What are the prime factors of 7529?
7529
List the prime factors of 27763.
27763
What are the prime factors of 42230?
2, 5, 41, 103
What are the prime factors of 62?
2, 31
What are the prime factors of 17264?
2, 13, 83
What are the prime factors of 23280?
2, 3, 5, 97
List the prime factors of 8041.
11, 17, 43
What are the prime factors of 2111?
2111
List the prime factors of 7440.
2, 3, 5, 31
What are the prime factors of 102149?
102149
What are the prime factors of 7920?
2, 3, 5, 11
List the prime factors of 72860.
2, 5, 3643
List the prime factors of 335.
5, 67
List the prime factors of 19198.
2, 29, 331
List the prime factors of 338.
2, 13
List the prime factors of 13851.
3, 19
What are the prime factors of 39236?
2, 17, 577
What are the prime factors of 2388?
2, 3, 199
What are the prime factors of 1946?
2, 7, 139
List the prime factors of 1072.
2, 67
List the prime factors of 6820.
2, 5, 11, 31
List the prime factors of 1213.
1213
List the prime factors of 752.
2, 47
List the prime factors of 36065.
5, 7213
What are the prime factors of 2093?
7, 13, 23
List the prime factors of 25316.
2, 6329
List the prime factors of 17071.
43, 397
List the prime factors of 130776.
2, 3, 5449
What are the prime factors of 10125?
3, 5
What are the prime factors of 461?
461
What are the prime factors of 87501?
3, 29167
What are the prime factors of 1266?
2, 3, 211
List the prime factors of 3952.
2, 13, 19
List the prime factors of 11225.
5, 449
What are the prime factors of 8832?
2, 3, 23
List the prime factors of 27737.
27737
List the prime factors of 7144.
2, 19, 47
List the prime factors of 854.
2, 7, 61
What are the prime factors of 771?
3, 257
List the prime factors of 3668.
2, 7, 131
List the prime factors of 2103.
3, 701
List the prime factors of 907.
907
What are the prime factors of 2319?
3, 773
What are the prime factors of 2329?
17, 137
List the prime factors of 47175.
3, 5, 17, 37
What are the prime factors of 1970?
2, 5, 197
What are the prime factors of 25768?
2, 3221
What are the prime factors of 158?
2, 79
What are the prime factors of 7642?
2, 3821
List the prime factors of 31454.
2, 15727
List the prime factors of 210565.
5, 23, 1831
What are the prime factors of 63620?
2, 5, 3181
What are the prime factors of 5782?
2, 7, 59
List the prime factors of 3871.
7, 79
What are the prime factors of 5711?
5711
List the prime factors of 10225.
5, 409
What are the prime factors of 48424?
2, 6053
What are the prime factors of 4342?
2, 13, 167
List the prime factors of 3262.
2, 7, 233
What are the prime factors of 17114?
2, 43, 199
List the prime factors of 22044.
2, 3, 11, 167
What are the prime factors of 13132?
2, 7, 67
What are the prime factors of 664?
2, 83
What are the prime factors of 7049?
7, 19, 53
What are the prime factors of 455?
5, 7, 13
What are the prime factors of 221?
13, 17
What are the prime factors of 75582?
2, 3, 13, 17, 19
What are the prime factors of 21990?
2, 3, 5, 733
List the prime factors of 1789.
1789
List the prime factors of 25114.
2, 29, 433
List the prime factors of 23065.
5, 7, 659
List the prime factors of 1383.
3, 461
List the prime factors of 725.
5, 29
What are the prime factors of 17648?
2, 1103
What are the prime factors of 4057?
4057
What are the prime factors of 1273?
19, 67
List the prime factors of 53455.
5, 10691
What are the prime factors of 31452?
2, 3, 2621
What are the prime factors of 223?
223
What are the prime factors of 2251?
2251
List the prime factors of 3225.
3, 5, 43
What are the prime factors of 70747?
263, 269
List the prime factors of 40809.
3, 61, 223
What are the prime factors of 54157?
31, 1747
List the prime factors of 60803.
41, 1483
What are the prime factors of 439?
439
List the prime factors of 69470.
2, 5, 6947
List the prime factors of 22170.
2, 3, 5, 739
What are the prime factors of 328?
2, 41
List the prime factors of 15792.
2, 3, 7, 47
List the prime factors of 309.
3, 103
What are the prime factors of 50993?
50993
List the prime factors of 6600.
2, 3, 5, 11
What are the prime factors of 5363?
31, 173
List the prime factors of 65818.
2, 32909
What are the prime factors of 24643?
19, 1297
What are the prime factors of 49863?
3, 11, 1511
What are the prime factors of 839?
839
List the prime factors of 31228.
2, 37, 211
List the prime factors of 553.
7, 79
List the prime factors of 12793.
11, 1163
What are the prime factors of 575?
5, 23
List the prime factors of 16649.
16649
What are the prime factors of 41933?
19, 2207
List the prime factors of 36308.
2, 29, 313
What are the prime factors of 102974?
2, 51487
List the prime factors of 27823.
27823
List the prime factors of 895.
5, 179
List the prime factors of 4362.
2, 3, 727
What are the prime factors of 1896?
2, 3, 79
List the prime factors of 430.
2, 5, 43
What are the prime factors of 1443?
3, 13, 37
What are the prime factors of 27358?
2, 13679
List the prime factors of 320.
2, 5
What are the prime factors of 369?
3, 41
What are the prime factors of 9131?
23, 397
List the prime factors of 2525.
5, 101
List the prime factors of 12757.
12757
What are the prime factors of 4302?
2, 3, 239
What are the prime factors of 2117?
29, 73
What are the prime factors of 24043?
24043
What are the prime factors of 29282?
2, 11
List the prime factors of 198.
2, 3, 11
List the prime factors of 877.
877
What are the prime factors of 5828?
2, 31, 47
What are the prime factors of 49902?
2, 3, 8317
What are the prime factors of 19004?
2, 4751
List the prime factors of 2396.
2, 599
List the prime factors of 7705.
5, 23, 67
What are the prime factors of 3062?
2, 1531
List the prime factors of 93995.
5, 11, 1709
List the prime factors of 117739.
281, 419
List the prime factors of 1834.
2, 7, 131
List the prime factors of 619.
619
What are the prime factors of 56953?
13, 337
What are the prime factors of 9479?
9479
List the prime factors of 3423.
3, 7, 163
List the prime factors of 11510.
2, 5, 1151
List the prime factors of 6385.
5, 1277
List the prime factors of 14419.
14419
What are the prime factors of 39500?
2, 5, 79
What are the prime factors of 38782?
2, 19391
What are the prime factors of 195?
3, 5, 13
What are the prime factors of 584?
2, 73
What are the prime factors of 2396?
2, 599
List the prime factors of 36636.
2, 3, 43, 71
List the prime factors of 5246.
2, 43, 61
List the prime factors of 12560.
2, 5, 157
List the prime factors of 66689.
7, 1361
List the prime factors of 50486.
2, 25243
What are the prime factors of 16826?
2, 47, 179
List the prime factors of 3998.
2, 1999
List the prime factors of 3665.
5, 733
List the prime factors of 16538.
2, 8269
List the prime factors of 40486.
2, 31, 653
What are the prime factors of 1317?
3, 439
List the prime factors of 3260.
2, 5, 163
List the prime factors of 16764.
2, 3, 11, 127
List the prime factors of 8810.
2, 5, 881
List the prime factors of 2131.
2131
What are the prime factors of 9002?
2, 7, 643
List the prime factors of 115665.
3, 5, 11, 701
List the prime factors of 910.
2, 5, 7, 13
List the prime factors of 137109.
